o = 7*m. List the prime factors of m.
29
Let r(s) = 971*s - 245. What are the prime factors of r(6)?
5581
Suppose 0 = -2*x + 10. Let t be (-11)/x - (-6)/30. What are the prime factors of 198/t*7/(-21)?
3, 11
Let k(c) = 8*c**2 + 2*c - 91. What are the prime factors of k(-12)?
17, 61
Let x = 16 - 14. Let h = -8 - -4. What are the prime factors of -3*(10 + x)/h?
3
Suppose -4*k + 3 = -k. Let x be 33/9 - k/(-3). Suppose 0 = -q + x*q - 90. List the prime factors of q.
2, 3, 5
Suppose 9 = 5*k - 6. Let v(h) = 4*h**2 - h - 4. What are the prime factors of v(k)?
29
Suppose 0 = -5*f - 2*b + 589, 4*f + 488 = 8*f - 4*b. List the prime factors of f.
7, 17
Let h(m) = -38 + m**3 + 42 - 6*m**2 - 2*m**3. Let k(s) = -s + 1. Let i be k(7). List the prime factors of h(i).
2
Let n = -64 - -142. Let y = n - 44. Let m = y + -21. What are the prime factors of m?
13
List the prime factors of (-10)/(-4)*(24/8 + 295).
5, 149
Let z be (-33)/(-9) - (-4)/(-6). Suppose -225 = -z*k + 294. List the prime factors of k.
173
Let x(w) = 49*w**2 + 7*w - 15. List the prime factors of x(-3).
3, 5
Suppose -5*f = 2*m - m - 39, 5*f = m - 49. What are the prime factors of m?
2, 11
Let a(b) = -b**3 + 6*b**2 - 2*b + 3. Let j be a(5). Let r = 73 + j. Let i = r + -51. What are the prime factors of i?
2, 5
Suppose 16*s - 41573 - 36347 = 0. What are the prime factors of s?
2, 5, 487
Let o = -1 - 3. List the prime factors of -2 + (-21)/(-12) - 189/o.
47
Suppose -2*l + 21 = 3*l - c, -19 = -5*l - c. Suppose -m - 22 = l*k, 0*m + m = 5*k - 4. What are the prime factors of (-4)/m - (-68)/7?
2, 5
Let t be 2/5 - 515/(-25). Suppose -k + t = -4*k. Let n = k - -9. List the prime factors of n.
2
Suppose 25*s + 4*w - 10782 = 20*s, 3*w = s - 2164. What are the prime factors of s?
2, 13, 83
Suppose 0 = 4*b + 3*i + 2558 - 10111, -i = -3. What are the prime factors of b?
2, 23, 41
Suppose 4*s = 131*n - 127*n + 10884, -4*n + 8163 = 3*s. What are the prime factors of s?
3, 907
Let r be (-117)/(-2) - 3/(-6). Let p(k) = 27*k**2 - 2*k - 2. Let y be p(-1). Let d = r - y. What are the prime factors of d?
2
Let j(c) be the third derivative of -29*c**4/12 - c**3/6 - 8*c**2. List the prime factors of j(-1).
3, 19
Let i = -1171 + 1687. What are the prime factors of i?
2, 3, 43
Suppose 5*k - 4*g = 1363, -2*k - k - 2*g + 809 = 0. Suppose 4*v + t = 216, 0*v + t - k = -5*v. Let x = 79 - v. List the prime factors of x.
2, 3
Suppose -6*i + 647 = -493. List the prime factors of i.
2, 5, 19
What are the prime factors of ((-1036)/5)/(30/(-525))?
2, 7, 37
Let q be ((-34)/(-4) - 3)*(-21 + 1). Let d(c) = -7*c + 2. Let i be d(-4). List the prime factors of q/i*(-9 - 0).
3, 11
Suppose -5*f = -147 - 383. What are the prime factors of f?
2, 53
Suppose -20*i + 3390 = 450. What are the prime factors of i?
3, 7
Let c be (-4)/(8/61)*(-7 - -5). Let s = 271 - c. What are the prime factors of s?
2, 3, 5, 7
Let y be 621/5 + 3/30*-2. Suppose 9*p - y = 5*p. What are the prime factors of p?
31
Suppose 0 = 5*a - 3*i - 18296, -2*a + 3*i + 7320 = i. List the prime factors of a.
2, 31, 59
Let g be 8/28 + (-36)/(-21). Suppose q = -g, 5*p + 184 = -2*q - 0*q. Let b = -6 - p. What are the prime factors of b?
2, 3, 5
Let w = 371 - 254. Suppose 2*n - w = 83. What are the prime factors of n?
2, 5
Let u be -6 - 7 - 6/2. Let j(y) = y**3 + 16*y**2 - y - 12. Let z be j(u). What are the prime factors of -14*z/((-24)/15)?
5, 7
Suppose -z = -h + 3, -2*h - 1 + 4 = -3*z. Let j(y) = 2*y**2 + 9*y - 24. List the prime factors of j(h).
2, 3, 17
Let x(p) = p - 6. Let c be x(1). Let y(g) = g**2 + g + 1. Let f be y(-3). Let j = f - c. List the prime factors of j.
2, 3
Let v = 1044 - 187. What are the prime factors of v?
857
Let i = -4305 + 6976. What are the prime factors of i?
2671
Let g(m) = -m**2 - m + 7. Let z be g(0). Suppose 11*w = z*w. Let h = w - -15. What are the prime factors of h?
3, 5
Suppose -3*m + 116 = -286. Let r = 3 + m. List the prime factors of r.
137
Let a(c) = 463*c + 229. List the prime factors of a(9).
2, 7, 157
Let z = 6 - 2. Suppose -v + 0*v + z = 0. What are the prime factors of 236/8*8/v?
59
Let l be 2/7 + (-3692)/(-14). Suppose -l = 2*p - 6*p. List the prime factors of p.
2, 3, 11
Let f(l) = 26*l - 17. Let n be f(7). Suppose -8*d + n = -3*d. List the prime factors of d.
3, 11
Let w(s) = -s**3 - 9*s**2 - 18*s + 5. Suppose 9 = -36*r + 35*r. List the prime factors of w(r).
167
Let n = 247 - -44. Suppose 4*v - n = v. What are the prime factors of v?
97
Let i = 7 + 104. What are the prime factors of i?
3, 37
Let f(a) be the third derivative of 5*a**8/4032 - a**6/720 + a**5/60 - 5*a**2. Let p(l) be the third derivative of f(l). List the prime factors of p(1).
2, 3
Let y be -4 + 1 + 9 + 144. Suppose -y = 6*s - 7*s. What are the prime factors of s?
2, 3, 5
Let t = -109 + 166. Suppose -4*y = -y - t. List the prime factors of y.
19
Let q be 7 + (-4 - -2)*-1. Let v be (-3)/q*(2 - 5). List the prime factors of ((-121)/33)/(v/(-3)).
11
Suppose 10*t + 14*t = 9504. What are the prime factors of t?
2, 3, 11
Suppose 29*w - 2583 = 22*w. What are the prime factors of w?
3, 41
List the prime factors of (-6)/15 + ((-454365)/25)/(-9).
3, 673
Suppose b = 5*d - 14, -2*d + b - 4 = -3*d. Suppose 0 = 3*c - 15, d*c + 49 + 148 = 4*q. What are the prime factors of q?
53
Let t(k) = -k + 3. Let x be t(3). Suppose -2*w - w + 180 = x. What are the prime factors of w?
2, 3, 5
Suppose -19*x - 525 = -1570. List the prime factors of x.
5, 11
Let g(z) = -z**2 - 10*z + 15. Suppose 2*l - 3*b = -7, 4*l - b + 4*b = -59. Let j be g(l). What are the prime factors of 2/((16/20)/j)?
2, 5
Let b(l) = l**2 + 6*l - 189. List the prime factors of b(-28).
7, 61
Suppose 9 = 10*p - 13*p. Let z(q) = -13*q - 2. What are the prime factors of z(p)?
37
Let h = -128 + 229. Let s = -46 + h. Suppose i - 6*i + s = 3*x, -16 = 4*i. What are the prime factors of x?
5
Let s be 4/2 - 2 - -3. Suppose -s*w + 315 = -3*q, -2*w + 103 = 4*q - 77. Suppose -2*o + 7*o = w. List the prime factors of o.
2, 5
Let i(r) be the first derivative of -3*r + 5/3*r**3 - 3/2*r**2 + 1. List the prime factors of i(-2).
23
Let f = -114 + 264. Suppose 4*k + f = -k. Let b = k + 45. What are the prime factors of b?
3, 5
Suppose -v - 65 = -y, 0*y = y - 3. Suppose 7*b - 4*b - 219 = -2*f, 4*f = -4*b + 436. Let x = v + f. List the prime factors of x.
2, 23
What are the prime factors of (-26616)/(-12) + (-1 - -6) + -3?
2, 3, 5, 37
Suppose 45*o - 27120 = 21*o. What are the prime factors of o?
2, 5, 113
Let f be 256/24 - 1/(-3). Suppose f*k = -2*k + 1339. What are the prime factors of k?
103
Let u = -3 + 11. Suppose -l - 106 = -u. Let k = -59 - l. List the prime factors of k.
3, 13
Let m(n) = -n**3 + 3*n**2 + 2*n - 2. Let d be 1 + 0 + (-2)/(-1). List the prime factors of m(d).
2
Let q(z) be the third derivative of 5*z**4/24 - 14*z**3/3 - 20*z**2. List the prime factors of q(15).
47
Let p(l) = -3*l - 23. Let a be p(-7). Let n(s) = 14*s**2 + s + 3. Let u be n(a). Let b = u - -14. List the prime factors of b.
71
Let z(t) = -t**2 - 8*t + 16. Let f(o) = 3*o**2 + 23*o - 48. Let y(q) = -4*f(q) - 11*z(q). Let h be y(-7). What are the prime factors of (-172)/h - 14/35?
2, 17
Let m = -1 - 6. Let u be (-3)/m - 380/(-28). Let x = u + -5. What are the prime factors of x?
3
Suppose 4*p - 954 = 2*l, -15*p + 17*p - 2*l - 480 = 0. What are the prime factors of p?
3, 79
Let p = -172 + 319. Suppose p = 3*f - 18. List the prime factors of f.
5, 11
Suppose 1238 = 60*u - 62*u. Let j = u + 949. List the prime factors of j.
2, 3, 5, 11
Let b(s) = -14*s - 2. Let w(f) = -f. Let p be w(-2). Suppose 2*h + 3*n = -21, h - p*n = -3*h - 2. What are the prime factors of b(h)?
2, 5
Let t = -640 + 965. List the prime factors of t.
5, 13
Suppose 47587 - 167387 = -100*l. What are the prime factors of l?
2, 599
Let i(k) = -k + 17. Let a be i(27). Let n = a - -177. List the prime factors of n.
167
Suppose -r + 28 = m - 2*r, 3*r = -3*m + 66. Let u = m + -25. What are the prime factors of (4 + u)/(3 - 1)?
2
Suppose g - 16 = -17. List the prime factors of 2/(-10) + -2902*g/10.
2, 5, 29
Let y = 15 - 12. Suppose 2*r - y = 2*k + 1, -5*r = 5*k + 30. Let d = r - -17. List the prime factors of d.
3, 5
Suppose -21 = -10*f - 1. Suppose g - f*g + 53 = 0. List the prime factors of g.
53
Suppos